 1 = -8*o. Let b be ((-8)/4 + 3)*17. Let s(c) = b - 3*c - 17. Give s(o).
9
Let u(l) = 3*l**2 + 2*l - 1. Suppose -5*j = 79 - 29. Let v(t) = -t**2 + t + 4. Let o be v(4). Let x = o - j. Calculate u(x).
15
Let p(w) = -w**2 - w + 2. Suppose 0 = h + 2*f - 2, -42*h + 45*h + 5*f - 4 = 0. Give p(h).
0
Let p(m) = m. Suppose -2*c + 2*i = -c - 3, -2 = 4*c - i. Let n(u) = 3*u + 7. Let t(o) = c*n(o) + p(o). Determine t(-6).
5
Let t(b) be the second derivative of -3/2*b**2 - 1/60*b**5 + 0 + 5/24*b**4 + 3*b - 2/3*b**3. Let k(u) be the first derivative of t(u). Calculate k(5).
-4
Let r(o) be the second derivative of o**5/20 - 7*o**4/12 - 11*o**3/6 + 2*o**2 + 18*o + 1. What is r(8)?
-20
Let d = 9 + 30. Let h = -34 + d. Let w(z) = -z**2 + 6*z - 1. Determine w(h).
4
Let r = -15 - -15. Let m be 21/4 + (-4)/16. Suppose r*x = -m*x - 5. Let j(k) = -5*k**3 + k**2 - k - 1. What is j(x)?
6
Let r(u) = -6 - 8 + 546*u + 551*u + 2 - 1107*u. Give r(-7).
58
Let m(z) = -4*z**2 - 2*z + 1. Let s(g) = 7*g**2 + 5*g - 1. Let l(o) = o**2 + 10*o + 14. Let c be l(-9). Let f(b) = c*m(b) + 3*s(b). Give f(-3).
-4
Let v(b) = -b**2 + 3*b - 2. Let d(w) = -2*w**2 + 7*w + 3. Let y(j) = 3*d(j) - 5*v(j). Determine y(9).
-8
Let l(s) = s - s**3 + 13*s**2 - 6*s**2 - 1 - 14*s**2. Determine l(-7).
-8
Let b(t) be the first derivative of -5*t + 1/4*t**4 + 0*t**2 + 6 - 2*t**3. Give b(6).
-5
Let u be 3/(12/(-16)) - (-32)/8. Let f(m) = 11*m**2 - 3*m - 8. Let q(b) = 4*b**2 - b - 3. Suppose 2*k - 4*k = -6. Let i(p) = k*f(p) - 8*q(p). Give i(u).
0
Let q(h) be the second derivative of -h**4/12 - 5*h**3/6 - h**2 - h. Let z(k) = 3*k + 43. Let u be z(-14). Let o be (u/((-10)/12))/(6/20). What is q(o)?
2
Let x(u) = 134*u - 685. Let l be x(5). Let y(m) = -m**3 - 14*m**2 + 15*m + 5. Calculate y(l).
5
Let g be 10 + 1 + -8 + 1. Let p(f) = -f**2 + 4*f + 1. Give p(g).
1
Suppose -15 = -5*g, 0*g = -3*z - g + 27. Let w(n) = -n**2 + 7*n + 7. Let k(v) = -5*v**2 + 35*v + 35. Let y(d) = 2*k(d) - 11*w(d). Determine y(z).
1
Let d(s) = -s**2 + s - 27. Suppose 5*x + 1 + 1 = -p, 4*p + 8 = 5*x. Calculate d(x).
-27
Let a(j) = -j**2 - j + 1. Suppose 0 = 5*l - 0*l - 5. Suppose -y + l = 0, 8 = 3*t - 0*t + 5*y. Calculate a(t).
-1
Suppose 12 = -5*u + 8*u. Suppose -3*i - 2*y + y + 59 = 0, 4*i - u*y - 84 = 0. Let a = 27 - i. Let f(k) = -k**3 + 8*k**2 - 8*k + 8. What is f(a)?
1
Let h(f) = 2*f - 6. Let o be h(-2). Let r be (-1)/2*o - -4. Let u(c) = r*c - c + 2 - 7*c. What is u(5)?
7
Let i(k) = 2*k - 10. Let t(h) = -2*h + 4. Let w be t(-2). Let b be i(w). Let q(d) = -4 + 10 - 3 - d + b. What is q(7)?
2
Let i(o) be the first derivative of o + 0*o**2 + 7 + 1/3*o**3. What is i(-1)?
2
Let w(m) = -m - 10. Let j be -3 + 1 - (-5 - -1). Let h be ((-11)/j + 2)*2. Give w(h).
-3
Let o = 26 - 19. Let y(k) be the second derivative of -k**5/20 + k**4/2 + k**3 + 7*k**2/2 - 2*k. What is y(o)?
0
Let x(n) = 7 - 3*n - 2*n + 6*n + n - 2. What is x(-11)?
-17
Let n(f) = -f**3 - 5*f**2 - 4*f - 5. Let h(p) = 2*p**2 + 21*p + 6. Suppose 23*v + 20 = 21*v. Let j be h(v). Determine n(j).
-5
Let p(m) = -m + 17. Let q be 0 + -4 - 2/(-1). Let d(r) = -2*r + 34. Let v(j) = q*d(j) + 5*p(j). Let b be v(12). Let z(t) = -t**2 + 3*t + 5. Give z(b).
-5
Let y be ((-6)/(-4))/(7/154). Let s(r) = -y*r + 17*r + 3 + 21*r. Let g be (6/4)/((-9)/24). What is s(g)?
-17
Let o(z) = -z**2 - 3*z + 14. Let d(k) = -k**2 - 4*k + 13. Let v(t) = -3*d(t) + 2*o(t). Give v(-9).
16
Let v(g) = g**3 - g**2 + 4. Let n = -19 - 29. Let i = n + 48. What is v(i)?
4
Let y be 468/(-30)*10/(-3). Let u(q) = -21*q**2 - 17*q**2 - 15*q**2 - 3 + 5*q + y*q**2. Determine u(3).
3
Suppose -3*i = 0, -2*y - 25*i + 20*i + 20 = 0. Let q(a) = a**3 - 9*a**2 - 8*a + 6. Calculate q(y).
26
Suppose -37*p - 84 = -51*p. Let h(d) = -1 - 12*d + 5*d**2 - d - 4. Let y(i) = 4*i**2 - 12*i - 5. Let m(r) = p*y(r) - 5*h(r). Calculate m(-5).
5
Let k(w) = -w**2 - 4*w + 27. Let h(o) = 7*o**3 - 2*o**2 + 4*o + 5. Let t be h(-1). Calculate k(t).
-5
Let o(y) be the third derivative of -y**7/840 - y**6/72 + 7*y**5/120 + y**4/8 + 19*y**3/6 + 22*y**2. Let i(w) be the first derivative of o(w). Determine i(-6).
-3
Let d(g) = g + 28. Suppose 47*y = 56*y + 108. Give d(y).
16
Let n(i) = -15*i + 12. Let t(s) = 7*s - 6. Let v(f) = 6*n(f) + 13*t(f). Let r = -29 - -35. Let y be (1 - 3/r)*-10. Give v(y).
-11
Let u(q) = -q. Let f(w) = -w**3 - 5*w**2 + 4*w - 8. Let t = -10 + 4. Let i be f(t). What is u(i)?
-4
Let k(a) = 36*a**2 - 37*a**2 - 12*a + 8 + 12. Determine k(-13).
7
Let s(g) be the second derivative of -g**4/12 + g**2 - 83*g. Determine s(0).
2
Let s(d) = -d**2 - 10*d - 18. Suppose y + 18 = 5*f, -3*f = f - 8. What is s(y)?
-2
Let d(n) = -5*n**2 + 18*n + 4. Let s(f) = 9*f**2 - 32*f - 7. Let h(g) = 11*d(g) + 6*s(g). Give h(10).
-38
Let b(x) = -19*x**2 - x - 3. Let w be 1/((1/(-2))/(25/(-10))). Let d(o) = -28*o**2 - o - 4. Let f(l) = w*d(l) - 7*b(l). Give f(-1).
-8
Let i(f) = -5*f**2 - 7*f - 4. Let b be i(0). Let j(u) = 4*u**2 - 5*u**2 - 2*u - 3*u - 1. What is j(b)?
3
Let m be 35/11 + (-14)/77. Suppose -7*i + m*i = -8. Let x(j) = -3*j**2 - 2*j. What is x(i)?
-16
Let k(r) = r**3 - 3*r**2 + 11*r - 3. Let d(c) = -2*c**3 + 5*c**2 - 19*c + 5. Let g(h) = -4*d(h) - 7*k(h). What is g(0)?
1
Let p(w) = w**3 - 7*w**2 + 6*w + 1. Let o(q) = q**3 - 14*q**2 + 7*q + 84. Let n be o(13). Calculate p(n).
1
Let t(g) = 9*g**3 - 5*g**2 - 5. Let m(s) = -11*s**3 + 5*s**2 - s + 4. Let a(r) = -5*m(r) - 6*t(r). Determine a(-4).
6
Let c(t) be the first derivative of -2*t**3/3 + t**2 - t - 44. Give c(1).
-1
Let q = -3 + 4. Let n = q + 3. Let t(a) be the first derivative of -a**4/4 + 4*a**3/3 + a**2 - 3*a + 463. What is t(n)?
5
Let n(m) be the second derivative of -m**4/12 - m**3/2 - m**2 + m. Let j(a) = 4*a + 2. Let s be j(4). Suppose -s*r - 57 = r. What is n(r)?
-2
Let a(g) = -9*g**3 + 9*g**2 + 14*g - 18. Let q(j) = -7*j**3 + 9*j**2 + 14*j - 17. Let r(k) = -3*a(k) + 4*q(k). What is r(10)?
26
Let t(r) = r + 2. Let m(s) = 4*s + 5. Let l(h) = 2*m(h) - 7*t(h). Let z = 2 - -1. Let y = z - -1. What is l(y)?
0
Let u = 150 + -133. Let w(k) = 2*k - 33. Determine w(u).
1
Let z(i) = i**3 - 2*i**2 - 2*i + 4. Let k = 474 - 470. What is z(k)?
28
Suppose 0 = -z + 2*y - 1, z + 6*y = 2*y + 11. Suppose z*p + 7 = 4*p. Let f(w) = -w**3 + 8*w**2 - 5*w - 4. Give f(p).
10
Suppose 19 + 21 = 4*p. Suppose -4*o - 2 = p. Let m(h) be the first derivative of h**3/3 + h**2/2 + h - 2. Calculate m(o).
7
Let s(t) be the second derivative of t**4/12 - 2*t**3/3 - 5*t**2/2 + 10*t. Let v(y) be the first derivative of s(y). Determine v(-5).
-14
Let g(j) = 24*j**3 - 9*j**2 + 33*j - 25. Let i(s) = 11*s**3 - 5*s**2 + 16*s - 13. Let f(t) = 6*g(t) - 13*i(t). What is f(-12)?
-5
Suppose 10*u = -8*u + 36. Let l(h) = -6*h - 21. Let p(m) = -m - 4. Let w(i) = 4*l(i) - 21*p(i). Calculate w(u).
-6
Let k(s) = s**3 + 10*s**2 - 6*s + 9. Let m(d) = 2*d**3 + 35*d**2 + 51*d + 37. Let v be m(-16). Calculate k(v).
-46
Let w(o) = o + 4. Let r be w(-7). Let h = 20 + -19. Let c(y) = y**2 + y + 1. Let f(i) = 5*i**2 + 2*i + 10. Let a(q) = h*f(q) - 6*c(q). Calculate a(r).
7
Let w(l) = -162 + 3*l - 2*l + 163 + 8*l**2. Give w(-1).
8
Suppose m + 4*m - 5 = 0. Let x(n) = -13*n**3 - n**2 - 1. Let s(c) = -58*c**3 - 3*c**2 - c - 5. Let d(a) = s(a) - 5*x(a). Give d(m).
8
Let h(t) = 7*t + 1. Suppose -3*q - 12 + 0 = 0. Let a(m) = -27*m - 3. Suppose 25 = 5*l, -56 + 6 = 3*j - l. Let g(i) = j*h(i) + q*a(i). What is g(2)?
3
Let z(p) = 2*p + 7. Let t(s) be the first derivative of 3*s**3 + 0*s**2 - 10 - 6*s - 1/4*s**4. Let q be t(9). Determine z(q).
-5
Let k(s) = -s + 2. Let i be k(2). Suppose -2*j + 5*p + 7 = i, 3*j - 3*p = 2*j + 4. Let b(c) = 8*c**2. What is b(j)?
8
Let l(f) = -2*f + 1. Let g(v) = -v + 1. Let i(x) = -5*g(x) + 2*l(x). Let s be (800/(-34))/(-4) - (-12)/102. Determine i(s).
3
Let x(j) = j**2 - 5*j + 19. Let t(a) = 2*a**2 - 9*a + 37. Let k(m) = -5*t(m) + 9*x(m). Suppose -4*z = h + 2*h, 2*z = -4*h. Give k(h).
-14
Let l(j) = -j - 4. Let h(c) = -2*c - 5. Let u(p) = -4*h(p) + 4*l(p). What is u(-5)?
-16
Let d(h) be the third derivative of h**6/60 - h**5/30 + h**4/24 - h**3/6 - 13*h**2 - h. Determine d(2).
9
Let s be (-9)/12*(-28 + 32). Let y = 5 - 3. Let j(r) = r + r**y - 2 - 4*r + 4*r. Give j(s).
4
Let u(v) = v**3 + 3*v**2 - 6*v - 6. Suppose -120 = -8*